divide y?
False
Let s(q) = q**3 - 7*q**2 - 10*q + 13. Is s(9) a multiple of 17?
True
Let z = 1 - 1. Suppose 6*p - 8*p = z. Suppose -5*l + l + 12 = p. Does 3 divide l?
True
Let x = 278 + -183. Is x a multiple of 19?
True
Let g = -4 + 2. Let l be (-13)/g - 2/(-4). Suppose 37 = w + l. Does 10 divide w?
True
Suppose -w = w + 5*s - 39, -5*s + 46 = 3*w. Let n = w - 2. Suppose -n*u = -5, g - 4*u - u = 8. Does 5 divide g?
False
Let r be 7/((9/3)/(-3)). Is 18 a factor of (57 - -1)/(8 + r)?
False
Let f(g) = g**3 + 2*g**2 + g + 1. Let n be f(-2). Does 11 divide 2 + (2*n - -29)?
False
Suppose 5*j - 3*a = 27, -a - 2*a - 9 = j. Is 3 a factor of j?
True
Let c = 2430 - 1690. Is c/25 - 6/(-15) a multiple of 16?
False
Suppose 3*n - n + 44 = 0. Let i = 31 + n. Suppose 2*l - i = 9. Is 6 a factor of l?
False
Does 14 divide 1/(-3) - 1055/(-15)?
True
Let b = -104 - -113. Does 9 divide b?
True
Let q(c) = c**2 + 5*c + 6. Let f(p) = p**3 + 9*p**2 + 10*p + 8. Let g be f(-8). Let i be (30/g - -2)*4. Is q(i) a multiple of 9?
False
Let t(g) = g**2 - 9*g + 6. Let s be 57/6 - (-3)/(-6). Let c be t(s). Suppose -92 = 2*l - c*l. Is l a multiple of 12?
False
Let t = 31 + -18. Let v = -7 + t. Is 4 a factor of v?
False
Suppose 5*n + 2*b + 34 = -0*b, -4*b - 4 = 2*n. Let r(q) = -q**3 - 7*q**2 + 8*q - 5. Let o be r(n). Is 4/(-10) - 77/o a multiple of 8?
False
Let q = 78 - 54. Suppose 2*u + 20 = 3*x, 3*x - q = 2*u + u. Does 4 divide x?
True
Let h(u) = 2*u**2 + u - 5. Let s(f) = f**2 - 2. Let k(b) = -3*h(b) + 8*s(b). Does 3 divide k(3)?
False
Suppose -2*x - 41 = -3*h + 13, 5*x + 185 = -5*h. Let j = x - -48. Does 13 divide j?
False
Suppose 0 = v + v - 44. Does 6 divide v?
False
Suppose m + 6 = -5*q, -q + 4*q - 24 = 4*m. Is 11 a factor of ((-7)/3 + -1)*m?
False
Let i be -1 + (2 - 1) + 0. Let q(a) = -a**3 - a**2 - a - 11. Let s be q(i). Let d = -5 - s. Is d a multiple of 5?
False
Suppose 6*f = 261 - 63. Does 15 divide f?
False
Suppose 5*z = 5, -6*u = -u - z - 159. Is u a multiple of 16?
True
Suppose 4*n = -n + 280. Is 31 a factor of n?
False
Suppose 3*d + 43 = 142. Suppose -d = -u + 19. Is 13 a factor of u?
True
Suppose -9*a + 18 = -7*a. Does 3 divide a?
True
Let u(l) = l**2 + 7*l + 8. Let v be u(-7). Let z = v + -4. Does 5 divide 2 + -2 + z + 1?
True
Let s = -65 - -39. Let c(u) = u**2 + 2*u - 3. Let q be c(7). Let a = s + q. Is a a multiple of 17?
True
Let f(y) = -4*y**3 - 2*y - 2. Suppose 0 = 2*t - 1 - 15. Suppose -7*n + 3*n = t. Is 11 a factor of f(n)?
False
Let z = 24 + -4. Suppose -b - 3*b = -z. Is 0 + (b - (1 + 0)) a multiple of 3?
False
Let k = -26 - -32. Does 3 divide k?
True
Let a = 1 - -1. Suppose -4*y + 61 = -3*k, 3*y + 7*k = a*k + 53. Does 6 divide y?
False
Let f be (176/(-40))/(1/(-5)). Suppose -2*q + 3*q = f. Does 15 divide q?
False
Let z(n) = n - 1. Let a be z(4). Suppose 125 = -2*j - a*j. Is 2/(-3)*(j + -2) a multiple of 9?
True
Is 23 a factor of 3/(-12) + 845/20?
False
Suppose 5*v + 6 = 6*v. Is v a multiple of 3?
True
Let q be 3/3 - 3 - -2. Suppose -s - 7 = 3*g, -5*g = -q*g + 20. Suppose 11 = -y - s*w + 45, 2*y - 40 = 4*w. Is y a multiple of 8?
True
Does 26 divide -118*(-3 - -2)/2?
False
Suppose 0*z - 42 = -2*z. Let t = -7 + z. Does 4 divide t?
False
Let n = -8 - -8. Suppose x + 2*x - 18 = n. Does 16 divide (2 - x)*19/(-2)?
False
Let n = 28 - -2. Does 21 divide n?
False
Let o = 2 + -1. Let a(v) = 10*v + 1. Does 4 divide a(o)?
False
Is (-4)/((-12)/(-8) - (-175)/(-115)) a multiple of 23?
True
Suppose 2*s - 338 = -5*m + m, -8 = -4*m. Is s a multiple of 15?
True
Let z = -26 - -60. Let w be (-30)/(-10) + 0/1. Suppose 5*b - z = w*b. Is b a multiple of 17?
True
Let w(c) = -c**3 + 14*c**2 + 12*c + 5. Is 26 a factor of w(14)?
False
Let w(p) be the third derivative of p**4/24 + p**3/6 + 5*p**2. Suppose -2*i + 8 = -2. Is 3 a factor of w(i)?
True
Suppose -2*y + 8 = 0, 3*x - 778 = -3*y - 106. Is x a multiple of 22?
True
Let w(m) = -m**3 + m**2 + 5*m + 5. Let y(v) = -2*v**3 + 2*v**2 + 10*v + 9. Let q(a) = -11*w(a) + 6*y(a). Does 18 divide q(-4)?
False
Suppose 0 = 9*g - 7*g - 92. Is 9 a factor of g?
False
Is (-2*(-3)/3)/(-2) - -26 a multiple of 5?
True
Let l(b) = 7*b + 5. Let u be l(6). Let m be (-262)/(-14) - (-2)/7. Suppose -m - u = -3*x. Is x a multiple of 11?
True
Suppose 3*w + 4*c - 12 = 20, 3*w + 3 = 3*c. Suppose 163 = 3*g - 2*n, 0*g + 4*g + w*n - 224 = 0. Is g a multiple of 11?
True
Let w = 2 + 3. Suppose -5*v - 65 = -3*q, -w*q + 5*v + 145 = 4*v. Is 10 a factor of q?
True
Is 8 a factor of (0 + -2)/((-5)/265)?
False
Let g = -24 + 42. Is 6 a factor of g?
True
Let z(y) = -y**3 - y**2 - 2*y + 2. Let n be z(-5). Let h = 160 - n. Is h a multiple of 13?
False
Suppose 5*w - 385 = 2*c, -3*w - c = 3*c - 205. Is 10 a factor of w?
False
Let i = 45 - -18. Let d = i + -30. Is d a multiple of 18?
False
Suppose 0 = 4*m - 16, -20 = 5*l - 7*m + 2*m. Let p = l + 2. Is p + (8 + 0 - 2) a multiple of 5?
False
Suppose 2*d + 3*z - 87 = 0, -4*d + 141 = -5*z + 22. Is d a multiple of 8?
False
Suppose 102 = 3*i - 132. Is i a multiple of 26?
True
Let d = -58 - -139. Is 27 a factor of d?
True
Let z(g) = -g + 10. Let p be z(7). Suppose -s - 76 = -p*s. Is s a multiple of 19?
True
Suppose 2*w = -23 - 1. Let x = w + 27. Is 4 a factor of x?
False
Let p = -8 - -10. Suppose 17 = 2*l - 3*b, l + b = 18 - p. Does 13 divide l?
True
Let j(n) = -n**3 + 4*n**2 - n - 1. Suppose 5*v + 3*i = 0, -4*i - 9 = -29. Let p be j(v). Suppose -2*m - 7 = -p. Is m a multiple of 13?
False
Suppose 0*q = 3*q. Suppose q = 5*l - 0*l - 15. Is 3 a factor of l?
True
Let o(k) = 54*k**2 + k + 1. Is o(-1) a multiple of 18?
True
Suppose v = 6*v - 260. Does 13 divide v?
True
Let m(l) = l**2 + 15*l + 15. Let s be m(-10). Does 13 divide (-65 + 0)*14/s?
True
Suppose -t + 11 - 7 = 0. Suppose 3*c + 16 = t*c. Is c a multiple of 16?
True
Suppose 19 = 4*l + 3. Does 9 divide l/(-2) + -1 - -16?
False
Let x(c) = 2*c + 5. Let q be x(5). Suppose -5*h = -3*w - q, 3*h = -2*h - 5*w + 15. Suppose -5 - 4 = -h*s. Is s a multiple of 2?
False
Suppose 0*t = -4*t. Suppose -275 = -3*l + 5*q, 5*l + 3*q - 413 = -t*q. Suppose 3*v - 40 = -4*g - 0*g, 4*v - g - l = 0. Is v a multiple of 20?
True
Suppose -10 = -0*x - 2*x, -3*g = 2*x - 34. Is g a multiple of 4?
True
Suppose 3*r + 2*r = 130. Let c = r - 14. Is 6 a factor of c?
True
Does 30 divide (2 - -181)*(-2)/(-6)?
False
Is (-24)/18*135/(-3) a multiple of 7?
False
Let j(o) = o**3 + 12*o**2 + 22*o + 20. Does 10 divide j(-8)?
True
Let o = -28 + 12. Does 11 divide o/(-40) + (-133)/(-5)?
False
Suppose -t + 0 = -10. Suppose t = -10*g + 5*g. Is 8 a factor of 10 + 0 + 4/g?
True
Suppose 5*v = 5, -2*l - v + 4 = -l. Let n be (4/(-2) - -1)*l. Let x = n - -9. Is 4 a factor of x?
False
Suppose -4*b + 185 = b. Let r = b - 11. Does 11 divide r?
False
Let p(s) be the third derivative of -4*s**6/15 + s**4/12 - s**3/6 - s**2. Let l be p(1). Let w = l - -51. Does 10 divide w?
True
Suppose -2*x = -0*x - 40. Does 10 divide x?
True
Suppose 2*q + 5 = -3, 11 = -3*l - 5*q. Suppose 0 = 5*x + h - 9, 2*h - 1 = 5*x - 13. Suppose 0 = l*y - x*y - 61. Is 22 a factor of y?
False
Let x be 0 + 2/(-1) + 9. Suppose 2*d = x*d - 95. Suppose 0*p + 5*o = 2*p - d, 5*o = -3*p + 41. Is 12 a factor of p?
True
Suppose -5 = -3*k + w, -3*w = -5*k + 2*w + 25. Suppose t + t - 12 = k. Does 6 divide t?
True
Suppose 3*v - 15 = 2*v. Suppose 5*n = 5*m + v, n = 2*n - 3*m - 5. Is (n + (-1 - 0))*15 a multiple of 14?
False
Suppose -4*l + 7 = -9. Let q = 24 - l. Suppose -q = -2*h - 0. Is h a multiple of 3?
False
Suppose -p - 2*c = -14, -4*p + p - 4*c + 48 = 0. Does 2 divide p?
True
Suppose 0 = -d - 4*l + 12, -d + 60 = 4*d - 3*l. Suppose -h = -4*c + 3*h + 20, -3*c + 2*h = -d. Suppose -c*i + 30 = i. Does 10 divide i?
True
Let w = 217 - 127. Is 30 a factor of w?
True
Suppose 6 = 4*b - 34. Suppose 5*y - b = -5. Is (-18)/((2 - y)*-1) a multiple of 6?
True
Suppose 4*v - 2*m = 56, -4*v - 2*m = -0*m - 72. Is v a multiple of 16?
True
Let o(b) = -20*b - 3. Does 6 divide o(-3)?
False
Let b be (60/(-16))/((-3)/36). Suppose k = 2*k. Let y = b + k. Is 19 a factor of y?
False
Let x(c) = -c + 4. Let h(d) = -d**3 - d**2 + 2*d. Let u be h(-2). Does 4 divide x(u)?
True
Let o = -21 - -51. Is 21 a factor of o?
False
Let f(p) be the third derivative of -p**6/120 - p**5/15 - p**4/8 + p**3 + 2*p**2. Is 13 a